 + 26*h**2 + 59*h - 303. Give d(-23).
-73
Let x(p) = p**3 - 167*p**2 - 2147*p + 72. Determine x(179).
251
Let s(g) = 5447*g - 27240. Determine s(5).
-5
Let h(x) = -182*x + 406. Give h(4).
-322
Let o(g) = g**2 - 309*g + 20091. Determine o(93).
3
Let d(s) = -s**3 - 151*s**2 + 2261*s - 7864. What is d(-165)?
221
Let q(w) = 21*w**3 - 8*w**2 + 25*w - 25. What is q(2)?
161
Let d(q) = 9*q**2 - 2*q - 132. Determine d(-4).
20
Let j(s) = 528*s - 120939. Determine j(229).
-27
Let a(f) = 14750*f - 501447. Calculate a(34).
53
Let a(d) = 6*d**3 - 390*d**2 - 265*d + 17193. Give a(65).
-32
Let m(z) = 13*z**2 - 51602*z - 51613. Determine m(-1).
2
Let k(m) = m**3 + 69*m**2 - 604*m + 1387. What is k(-77)?
463
Let k(i) = -704*i - 19285. Calculate k(-29).
1131
Let j(t) = -26*t**2 + 7726*t - 8842. What is j(296)?
38
Let v(j) = -1346*j - 319002. Determine v(-237).
0
Let n(y) = -4804*y - 192169. What is n(-40)?
-9
Let j(w) = 9528*w + 5383318. What is j(-565)?
-2
Let i(w) = -12*w**2 + 1240*w + 1340. Determine i(104).
508
Let m(z) = -z**3 - 392*z**2 - 11113*z + 28161. Determine m(-361).
3
Let c(u) = u**3 - 15*u**2 - 827*u - 285. What is c(-22)?
1
Let j(h) = 393*h - 37619. What is j(92)?
-1463
Let b(k) = -1853*k**2 + 14818*k + 10. Give b(8).
-38
Let j(a) = a**3 + 175*a**2 - 515*a + 3388. What is j(-178)?
6
Let z(p) = -p**3 - 261*p**2 + 1912*p + 36. Determine z(7).
288
Let n(q) = -54581*q - 382050. Give n(-7).
17
Let a(z) = -z**3 + 49*z**2 + 25*z + 930. Give a(50).
-320
Let o(z) = -z**2 + 265484*z - 17252240. What is o(65)?
-5
Let m(g) = 2247*g + 13511. Give m(-6).
29
Let y(g) = -4*g**3 - 20*g**2 - 707*g - 3824. Give y(-6).
562
Let p(v) = v**3 + 4*v**2 - 1636*v + 14093. Determine p(9).
422
Let b(a) = -a**2 - 26*a + 830. What is b(-20)?
950
Let w(f) = 33*f**3 - 2*f**2 + 689*f - 1378. Determine w(2).
256
Let m(p) = -2430*p - 12189. Determine m(-5).
-39
Let c(a) = -a**2 - 673*a + 9612. Determine c(14).
-6
Let o(y) = -27*y**2 - 1010*y - 1371. What is o(-36)?
-3
Let r(u) = -10*u**2 - 7113*u + 12115. Determine r(-713).
-6
Let z(m) = -4098*m - 2838. What is z(-1)?
1260
Let p(v) = 51216*v + 1997202. Calculate p(-39).
-222
Let r(v) = 3*v**2 + 781*v - 42054. Give r(-307).
926
Let i(c) = c**2 - 1405*c - 30048. Calculate i(-21).
-102
Let c(f) = -488*f + 9626. Determine c(18).
842
Let p(i) = -i**3 + 40*i**2 + 194*i - 150. Give p(44).
642
Let k(b) = -b**3 - 57*b**2 - 135*b - 460. What is k(-55)?
915
Let l(g) = -2*g**2 - 3120*g + 314459. Calculate l(95).
9
Let a(c) = 112*c**2 + 19401*c - 38797. Calculate a(2).
453
Let x(c) = -88*c**2 - 6915*c - 13816. Determine x(-2).
-338
Let b(c) = 22622*c + 45215. Calculate b(-2).
-29
Let r(w) = -w**2 - 402*w - 33113. Determine r(-117).
232
Let a(p) = p**3 - 772*p**2 - 7011*p + 157. Calculate a(-9).
-5
Let x(y) = -10*y**2 - 26232*y - 104930. Give x(-4).
-162
Let p(z) = 40*z**2 - 8483*z - 8482. What is p(-1)?
41
Let a(o) = 10*o**2 + 1905*o + 23073. What is a(-13)?
-2
Let u(l) = -12*l**2 + 649*l - 1765. Determine u(48).
1739
Let g(s) = -3*s**3 - 2*s**2 + 80*s + 446. Determine g(0).
446
Let z(m) = -14*m**2 - 1132*m - 5630. What is z(-5)?
-320
Let n(c) = 107*c**2 + 211*c + 13. Calculate n(-3).
343
Let r(t) = -8*t**2 + 3136*t + 3141. What is r(-1)?
-3
Let f(k) = 6*k**2 - 610*k - 831. What is f(103)?
-7
Let a(l) = -171*l + 33720. What is a(200)?
-480
Let d(m) = 14*m**2 - 716*m + 5326. Determine d(8).
494
Let q(s) = 33*s**2 - 3830*s - 7504. Calculate q(118).
48
Let h(n) = -14*n + 1022. What is h(64)?
126
Let v(d) = 4267*d - 115211. Calculate v(27).
-2
Let f(a) = -2*a**3 - 154*a**2 - 1401*a + 3514. Determine f(-66).
148
Let l(t) = t**3 + 39*t**2 + 363*t + 35. What is l(-21)?
350
Let m(i) = i**3 - 51*i**2 - 22*i + 970. Determine m(51).
-152
Let v(z) = -z**3 + 7*z**2 + 229*z - 443. Calculate v(0).
-443
Let i(a) = 114986*a - 2069763. Give i(18).
-15
Let o(t) = 36430*t + 3315125. Calculate o(-91).
-5
Let o(p) = 92070*p - 11048400. Determine o(120).
0
Let z(j) = 88858*j + 10. Calculate z(0).
10
Let y(s) = s**3 - 134*s**2 + 274*s - 1000. Calculate y(132).
320
Let a(u) = 6*u**3 + 714*u**2 + 92*u + 10836. What is a(-119)?
-112
Let m(c) = 5567*c - 11189. Calculate m(2).
-55
Let x(z) = -z**3 + 666*z**2 - 68035*z - 623. What is x(126)?
7
Let v(j) = j**3 + 495*j**2 - 7138*j + 6. Determine v(14).
-162
Let l(f) = -6*f**2 + 337*f - 1112. Calculate l(46).
1694
Let f(u) = 29*u**2 - 11*u - 29. Calculate f(2).
65
Let c(n) = -21*n**2 + 941*n - 1867. Determine c(2).
-69
Let s(k) = 4*k**2 + 454*k + 2695. Calculate s(-6).
115
Let t(o) = -7*o**2 - 110*o + 908. What is t(10)?
-892
Let f(s) = 1324*s - 246285. What is f(186)?
-21
Let g(s) = 49047*s + 490493. Give g(-10).
23
Let j(y) = -78*y**2 - 771*y + 209. Determine j(-10).
119
Let r(b) = 977*b**2 - 1028*b - 10. Give r(1).
-61
Let w(q) = 65931*q + 461492. What is w(-7)?
-25
Let j(f) = 90*f - 878. Calculate j(-1).
-968
Let m(k) = 1796*k + 37772. Give m(-21).
56
Let d(l) = -1064803*l - 3194418. Give d(-3).
-9
Let z(h) = -4*h**2 + 259*h - 435. What is z(63)?
6
Let z(q) = 1819*q + 169241. Calculate z(-93).
74
Let c(m) = -16968*m - 678713. What is c(-40)?
7
Let k(t) = -71*t - 1949. Determine k(-27).
-32
Let o(q) = 2*q**3 + 1758*q**2 - 3592*q - 59821. Calculate o(-881).
87
Let u(q) = q**3 + 27*q**2 + 181*q + 689. Give u(-16).
609
Let o(x) = 6*x**3 - 241*x**2 + 45*x + 76. What is o(40)?
276
Let x(t) = 22129*t - 243192. What is x(11)?
227
Let m(u) = 8*u**2 - 1335*u + 6484. Determine m(5).
9
Let v(p) = -3*p**2 - 43649*p - 174572. Give v(-4).
-24
Let k(x) = 4*x**2 - 48695*x + 1699409. Give k(35).
-16
Let n(r) = -r**2 + 4907*r - 19594. What is n(4)?
18
Let p(s) = 8*s**3 - 53*s**2 - 188*s + 1150. Determine p(6).
-158
Let c(z) = -27409*z - 1151171. Give c(-42).
7
Let q(c) = -1219*c + 6545. Calculate q(10).
-5645
Let g(a) = 15*a**3 + 7963*a**2 - 1074*a - 6355. What is g(-531)?
17
Let w(l) = -400*l + 7139. Give w(15).
1139
Let b(f) = f**3 - 21*f**2 + 105*f - 215. Calculate b(18).
703
Let a(g) = -g**3 - 120*g**2 - 2383*g - 189. Give a(-25).
11
Let b(o) = -o**3 - 155*o**2 - 5767*o - 43. Calculate b(-62).
19
Let a(q) = -11990*q**2 - 12005*q - 6. Give a(-1).
9
Let t(b) = 2*b**3 - 23*b**2 - 39*b + 135. Determine t(13).
135
Let g(d) = -d**2 - 130*d + 81002. Calculate g(227).
-37
Let r(y) = 3*y**3 - 76*y**2 + 43*y - 116. What is r(25)?
334
Let v(o) = o**2 + 3163*o + 431849. Give v(-143).
-11
Let i(y) = -2*y**3 - 121*y**2 - 61*y + 340. Give i(-60).
400
Let u(p) = -p**2 + 19066*p - 76244. Calculate u(4).
4
Let v(o) = -o**3 - 33*o**2 + 242*o - 381. Give v(-39).
-693
Let p(g) = 503*g**2 + 1496*g - 7. Calculate p(-3).
32
Let n(b) = 486205*b - 13613727. What is n(28)?
13
Let u(h) = 4*h**3 + 20*h**2 - 34*h + 160. Calculate u(-7).
6
Let z(f) = -2*f**2 - 783*f - 5929. Determine z(-8).
207
Let f(r) = 296*r - 4120. Give f(17).
912
Let a(p) = 1717*p - 42817. Determine a(25).
108
Let u(k) = 27*k**2 - 1571*k + 4738. Calculate u(55).
8
Let u(v) = v**3 - 2*v**2 + 21083*v - 63258. What is u(3)?
0
Let u(b) = -1381*b**2 - 6890*b + 61. What is u(-5)?
-14
Let l(q) = -5*q**2 + 50*q - 427. What is l(16)?
-907
Let z(q) = 4*q**3 + 676*q**2 + 1985*q - 1144. What is z(-166)?
18
Let s(r) = -861*r - 2726. Give s(-3).
-143
Let l(o) = o**3 - 75*o**2 - 379*o - 91. What is l(80)?
1589
Let p(z) = -23*z**2 + 1086*z + 2. Determine p(47).
237
Let p(u) = 61*u**2 + 20*u + 100. Calculate p(-6).
2176
Let l(u) = 330129*u + 2641005. Give l(-8).
-27
Let w(l) = -l**3 + 16*l**2 + 464*l + 117. Calculate w(-15).
132
Let h(j) = -3701*j - 755005. Give h(-204).
-1
Let b(t) = -105*t + 1096. Calculate b(15).
-479
Let c(q) = -3950*q - 379197. Determine c(-96).
3
Let f(o) = -o**3 + 127*o**2 + 107*o + 19644. Determine f(129).
165
Let g(r) = -5*r**3 - 222*r**2 - 2424*r - 3278. Determine g(-15).
7
Let h(t) = -2507*t + 1017832. What is h(406)?
-10
Let c(p) = 153*p**2 - 1136*p - 31. What is c(6)?
-1339
Let s(t) = t**3 + 19*t**2 + 132*t + 823. Calculate s(-14).
-45
Let t(b) = -b**3 + 85*b**2 + 450*b - 544. Give t(90).
-544
Let c(m) = 101*m + 34387. Determine c(-336).
451
Let l(c) = 7*c**2 + 258*c - 11475. Calculate l(-63).
54
Let u(f) = 3*f**3 + 109*f**2 + 146*f + 304. What is u(-35)?
94
Let j(q) = 3*q**3 + 86*q**2 - 13*q - 476. Give j(-28).
1456
Let v(f) = -f**3 - 23*f**2 - 10618*f - 233084. Calculate v(-22